est common divisor of 35 and j?
7
Let g be ((-13)/(-4))/13 + (-159)/(-4). Calculate the highest common divisor of g and 5.
5
Let u(f) = f**3 + f**2 - f. Let d(y) = 2*y**3 + 1. Let h(t) = 2*d(t) - 3*u(t). Let z be h(3). Calculate the highest common factor of z and 1.
1
Suppose -11*u = -10*u - 12. Let v = 13 + -5. Suppose 12 = 5*q - 3*h, q + 9*h - v = 4*h. Calculate the highest common factor of u and q.
3
Let v be (-7)/(-35) - 518/(-10). Calculate the greatest common divisor of v and 13.
13
Let b be (-1)/4*-2*(96 - 20). What is the highest common factor of b and 418?
38
Let v(g) = g**3 + g**2 + 2*g + 2. Let z be v(2). What is the highest common factor of z and 18?
18
Suppose -2*c + 2 + 68 = 0. What is the highest common divisor of 14 and c?
7
Let i(o) = -o**3 + 12*o**2 - 10*o - 9. Let u be i(11). Let f be (-6)/5*(7 - 2). Let s be 2/6 - 10/f. Calculate the greatest common factor of u and s.
2
Suppose -4*x + 20 = -20. Let j = x - 6. What is the greatest common factor of j and 28?
4
Let p = 152 + -113. What is the highest common divisor of p and 13?
13
Let s(n) = -n**2 + 1 + 2*n - n + n. Let l(y) = 2*y**2 - 4*y - 3. Let k(z) = -2*l(z) - 5*s(z). Let b be k(5). Calculate the greatest common factor of b and 40.
8
Suppose -4*o - 30 = -o. Let m be ((-8)/o)/((-2)/(-10)). What is the highest common factor of m and 2?
2
Let a be ((-45)/10)/(2/(-44)). Suppose -5*f + 65 = -5*q, -f + 21 = -5*q - 8. What is the highest common divisor of f and a?
9
Let u be 2 + 0 + -1*134. Let b be u/(-2)*(-9)/6. Let p = 189 + b. Calculate the highest common factor of p and 10.
10
Let x(p) = p**3 - 9*p**2 + 5*p + 9. Let d be x(9). Let t = -5 + 7. Let n be (-9)/1*t/(-3). What is the highest common factor of n and d?
6
Let z be (-9)/(2 - 11/5). Calculate the greatest common factor of 5 and z.
5
Let v be -3 + (0 - 3 - -28). Let q = 15 + -4. What is the greatest common factor of q and v?
11
Suppose 2*q = -3*q. Let w(i) = -i**2 + 8*i + 2. Let r be w(8). Suppose -r*o + 3*k + 45 = q, 6*o - o - 70 = -k. What is the highest common divisor of o and 60?
15
Let z = 1 + 8. Let n = -17 - -35. Calculate the highest common divisor of z and n.
9
Let r = -3 + 6. Suppose -5*t + 59 = 2*b, -2*b + r*b - 2*t = 7. Suppose 0 = 4*o - 71 - b. Calculate the greatest common factor of 242 and o.
22
Let l be (23 + 4)*3/9. What is the greatest common factor of l and 9?
9
Let o = 100 + -61. Let n(a) = 3*a - 1. Let j be n(9). Calculate the highest common divisor of j and o.
13
Suppose 10*a = 5*a + 35. What is the highest common divisor of 7 and a?
7
Suppose 13*b = 7*b + 24. Let f be 1 + (-22)/(-2) + b. Let v = 318 - 190. What is the greatest common divisor of f and v?
16
Suppose -5*o + 18 + 2 = 0. What is the greatest common factor of 1 and o?
1
Suppose -4 = 4*i, 4*i = -3*b + 38 + 9. What is the highest common factor of b and 51?
17
Let g(s) = 9*s - 12. Suppose 2*m + 3*m = -5*p + 75, -3*p - 2*m = -42. Let i be g(p). Calculate the highest common divisor of 12 and i.
12
Let s(j) = -j**2 + 31*j - 47. Let p be s(29). What is the highest common factor of 44 and p?
11
Let z(p) = -p**3 + 7*p**2 - 6*p + 7. Let f be z(6). What is the greatest common factor of 14 and f?
7
Let z = 56 + -26. What is the highest common factor of z and 12?
6
Let d = 128 - 119. Calculate the highest common divisor of d and 63.
9
Let p = 183 - 96. Suppose 0 = 3*j + j - 3*u - p, 26 = j - 5*u. Calculate the greatest common divisor of 7 and j.
7
Let m be 136/7 - (-6)/(-14). Suppose 24*r - 80 = m*r. What is the greatest common factor of r and 16?
16
Let j be -3*((-16)/3 + 0). Let g = j + 32. Suppose -4*x + g = 8. Calculate the highest common divisor of x and 10.
10
Let g = -2 - -11. Suppose j - 91 - g = 0. What is the highest common divisor of j and 20?
20
Suppose -2*i - 2*t = 3*i + 146, 3*i - t + 81 = 0. Let v = 2 + -11. Let j = v - i. What is the greatest common divisor of 38 and j?
19
Suppose j - 7 = -2*d, -2*j + 1 = 11. What is the highest common divisor of 24 and d?
6
Suppose -20 = -5*c + 5*q, -4*c = -2*q - 8 - 4. Let m be 2/(-4)*(-126)/9. Suppose 0 = m*f - c*f - 25. Calculate the greatest common divisor of f and 40.
5
Let m(f) = 3*f - 2*f + 2 + 0*f + 5. Let z be m(-3). Suppose -z*c = -61 - 3. What is the greatest common divisor of 160 and c?
16
Suppose 8*q - 55 - 105 = 0. Suppose -11 = -l - g, 5*g = -l - 0*l + 23. Calculate the greatest common divisor of q and l.
4
Let k = -65 + 45. Let i = 43 + k. Suppose 2*d - 337 = -4*n - i, -2*n = 2*d - 154. What is the greatest common factor of 10 and n?
10
Let s be (-103)/(-7) - 4/(-14). Calculate the greatest common divisor of s and 75.
15
Suppose -4*j + h + 5 + 5 = 0, 4*j - 6 = 3*h. Suppose j*l - 4 - 5 = 0. What is the greatest common factor of l and 3?
3
Let s be 3/(6/128*1). Let t = 1 + 7. Calculate the highest common divisor of s and t.
8
Let k be 92/20 - 2/(-5). Suppose 3*z + 40 = k*z. What is the greatest common divisor of 30 and z?
10
Suppose 0 = -n + 5*n - 120. Let k be 0/(-4 - -4 - -3). Suppose -5*i + 46 = -0*i + 4*y, k = 4*i + 2*y - 32. Calculate the greatest common factor of i and n.
6
Let b be -1*4*(-18)/4. Calculate the highest common divisor of 45 and b.
9
Suppose 5*x + 4*c - 10 = 0, -2*x - 3 = 2*c - 5. Let t be (0 - 6/7)*-7. Suppose -2*q + t*q = 48. Calculate the greatest common factor of x and q.
6
Let u be 2*(0 - 1) - 1. Let d be u - (-23 - -3 - -2). Calculate the highest common divisor of d and 5.
5
Let b be 7/((-21)/(-6)) - -13. What is the greatest common factor of b and 165?
15
Suppose a = 5*p - 25, -2*a + 1 = 11. Suppose 5*h - 2*z + 5*z + 41 = 0, 3*h = 4*z - 13. Let i = 8 + h. Calculate the greatest common divisor of i and p.
1
Let b be (9 + 1)*6/5. Let x be 6 - (1 - (84 + 7)). What is the highest common divisor of b and x?
12
Let c(i) = 3*i**3 - i. Let s be c(1). Suppose s*y - 20 = -3*y. What is the greatest common divisor of y and 44?
4
Suppose 0 = 2*b - 4*b + 54. Let i(n) = -2*n**3 - 2*n - 2. Let f = 4 - 6. Let x be i(f). Calculate the greatest common factor of b and x.
9
Let s = -22 - -12. Let r be (s/(-15))/(4/78). What is the greatest common factor of r and 26?
13
Let q be (-1)/(2*1/(-4)). Suppose 2 = q*b - 18. Let t = -8 + b. What is the greatest common divisor of 8 and t?
2
Let b(p) = 28*p - 4. Let i be b(8). Calculate the greatest common factor of 20 and i.
20
Let u(b) = -3*b. Let p be u(1). Let h be 2 - p/(3/2). What is the highest common divisor of h and 32?
4
Suppose -3*i + 70 + 38 = 0. Suppose 12 = 3*o, 15 + 8 = u + 5*o. Suppose 4*n = -u*v + i, -n + 60 = -v + 6*v. What is the highest common divisor of 108 and v?
12
Suppose -22*o = -19*o - 36. Calculate the highest common factor of 4 and o.
4
Let p = -38 - -89. Suppose v + 49 = 7*i - 2*i, -5*i - v = -p. What is the highest common divisor of 20 and i?
10
Suppose 3*q - 18 = d - 4, 4*d + 17 = -q. Let w = d - -41. Calculate the greatest common factor of w and 24.
12
Suppose p - 96 = -3*p. Let i(x) = 5*x - 1. Let t be i(3). Suppose 4*b - t = 34. Calculate the highest common divisor of b and p.
12
Let h(n) = -n**3 + 4*n**2 + 3. Let g be h(3). Let o = -27 - -18. Let f = g + o. What is the greatest common divisor of f and 3?
3
Let y(z) = z**2 - 2*z - 3. Let a(s) = s. Let g be a(5). Let q be y(g). Let u = 155 + -143. Calculate the highest common divisor of u and q.
12
Let p be 6/(-4)*10/(-5). What is the highest common divisor of 6 and p?
3
Suppose -7 = o + 7. Let f = 6 - o. What is the highest common divisor of f and 50?
10
Let d be 20/6*((-1)/(-2) + 4). What is the greatest common divisor of 15 and d?
15
Let h = -125 + 140. What is the greatest common divisor of 5 and h?
5
Suppose 0 = 4*p - 41 - 39. Suppose -a - p = -2*a. What is the greatest common divisor of 8 and a?
4
Let w = 1 + -1. Suppose 3*m - 2*c = -18, 4*m = -w*m + 2*c - 22. Let x be (-2)/m + 30/4. Calculate the greatest common divisor of x and 4.
4
Suppose -3*w + 5*r = 34, -2*w - 4*r + 40 = -6*w. Let m be ((-4)/w)/((-1)/6). Let u be 13 + (m - -2)*-1. Calculate the greatest common factor of 98 and u.
14
Suppose 32 = 4*y - 8*n + 3*n, 3*y = n + 13. Let v be (-1 - -2) + (0 - -2). Let o be y*((-4)/(-6) + v). What is the greatest common divisor of 33 and o?
11
Suppose 0 = 5*u + 2*f, 3*f + 19 = u + u. Suppose -u*p - p + 39 = 0. What is the greatest common factor of 1